se 0 = -4*n - h + 122. What is the remainder when 573/9 - 28/42 is divided by n?
19
Let z(q) = 9*q**2 + 3*q - 2. Suppose -207*n + 262*n = 2090. What is the remainder when z(-3) is divided by n?
32
Let f(k) = k**3 - 8*k**2 - 4*k - 4. What is the remainder when f(9) is divided by 21?
20
Suppose 53 = 5*g + 3*m, -5*g - 2*m = -4*g - 5. Suppose 43 = 10*n - 327. What is the remainder when n is divided by g?
11
Let c(h) = -h**3 - 2*h**2 - 13. Calculate the remainder when c(-4) is divided by (-76)/(-18) - (-4)/(-18).
3
Let v(n) = -n**3 + 20*n**2 + 49*n - 383. Calculate the remainder when v(20) is divided by 30.
27
Let f = -495 - -579. What is the remainder when f is divided by 34?
16
Let n = 139 + -135. Calculate the remainder when 37 is divided by n.
1
Let k be (-1)/4 - 226/(-8). Suppose k = -3*f + 7*f. What is the remainder when f is divided by 5/(-3)*6/(-2)?
2
Suppose -j - j = 5*r - 83, 2*j - 77 = -3*r. Let q = j - 20. Suppose -x = 5*k - q, k + 70 - 14 = 4*x. Calculate the remainder when 24 is divided by x.
10
Suppose -12*p - 124 = 8. Let i be 2/(-1) - (-1)/(-1). Let c = i - p. Calculate the remainder when 30 is divided by c.
6
Suppose 0 = -4*a + 5*l + 131, 2*a - 2*l + 0*l = 64. Suppose k - 1 = 0, 3*p - 5*k = 6*p - a. What is the remainder when 61 is divided by p?
5
Let i(p) = 3*p**2 + 3*p - 45. Let c be i(5). Calculate the remainder when 135 is divided by 104/6 + (-15)/c.
16
Suppose -4*r - 28 = 2*f, f - 4*f - 20 = -5*r. Let v(o) = o**3 + 12*o**2 + 20*o + 9. What is the remainder when v(f) is divided by 4?
1
Suppose -5*s - 52 = t - 364, 2*s + 2*t = 120. Suppose 0 = 8*r - s - 121. What is the remainder when r is divided by 12?
11
Suppose -7*x = -2*x - 5*q - 330, 3*x + q - 198 = 0. Calculate the remainder when x is divided by 23.
20
What is the remainder when 23 is divided by (43/(-4) + -2)/(108/(-144))?
6
Suppose 51*i - 706 = -247. Let d = -22 + 55. What is the remainder when d is divided by i?
6
Let a(f) = f**2 + 6*f. Let i be a(-5). Let s = -20 + 73. Calculate the remainder when s is divided by 490/28*(-4)/i.
11
Suppose -310 = -39*h + 29*h. What is the remainder when 61 is divided by h?
30
Suppose 10 = 5*n, 2*n + 31 = 7*y - 2*y. Let l = 3 - y. What is the remainder when (-1 + 30/l)*-8 is divided by 23?
22
Let u be ((-70)/4)/(1*2/(-24)). Suppose -4*q + 69 = 2*b - 129, 5*q = 5*b + u. What is the remainder when q is divided by 12?
11
Let x be -2*(-5)/(-15)*-3. Calculate the remainder when (-4)/34 + (5320/136 - x) is divided by 15.
7
Let r(x) be the first derivative of x**4/4 - 3*x**3 - 9*x**2/2 - 8*x - 4. What is the remainder when 6 is divided by r(10)?
0
Suppose -13*t + 528 = -7*t. Calculate the remainder when 9 is divided by 23/(-7) - -3 - t/(-14).
3
Let n be ((-3)/(-9))/(2/(-6)). Let h(d) = d - 4. What is the remainder when ((-111)/6)/(n/2) is divided by h(14)?
7
Let b be (12/(-16))/(1/4). Let r = b - -30. Suppose 2*y - 3 - 102 = -u, -2 = 2*u. What is the remainder when y is divided by r?
26
Suppose z = -2*z + 300. Suppose -4*x - 3*s + 127 = 0, 14*x - 9*x + 3*s = 161. Calculate the remainder when z is divided by x.
32
Let u(z) be the second derivative of z**3/6 + 4*z**2 - 8*z. Let w be u(-4). What is the remainder when 19 is divided by 6*(w/(-24) - -2)?
8
Let c(u) = 3*u**3 + 3*u + 11. Calculate the remainder when c(3) is divided by 27.
20
Let k(v) = -v**2 + 15*v + 55. What is the remainder when k(0) is divided by 28?
27
Calculate the remainder when 35 is divided by -2 - 40/(-22) - 5486/(-286).
16
Suppose 6 = 3*s - 5*g, -2*g = 2*s + 3*g - 29. Let v(q) = q**2 - 6*q + 9. What is the remainder when v(s) is divided by 3?
1
Suppose -4*u + 75 = 15. Let f = 295 - 268. Calculate the remainder when f is divided by u.
12
Suppose 0 = 5*m - 7 + 2, -m - 830 = -3*w. What is the remainder when w is divided by 20?
17
Suppose -3*o - 9 + 30 = 0. What is the remainder when (-14 + 13)/1 - -34 is divided by o?
5
Let t(v) = -2*v**2 - 11*v - 20. Let y be t(-9). Let m = y - -120. What is the remainder when 146 is divided by m?
35
Suppose -87 = -10*p + 143. Let v = -35 - -49. Calculate the remainder when p is divided by v.
9
Suppose 3*u - 5 = b, -2*u - 4 = -3*b - 12. Let t = 10 - 8. What is the remainder when t is divided by (b/4)/((-5)/10)?
0
Suppose -11*u + 12 = -703. What is the remainder when u is divided by 17?
14
Suppose -4*m = -z - m + 17, 0 = z - m - 17. Calculate the remainder when (-2)/1 + 4*17 is divided by z.
15
Let n = -50 - -140. Suppose -2*w + 11*w = n. What is the remainder when w is divided by 6?
4
Let a(v) = 2*v**3 + 24*v**2 + 15*v - 62. Calculate the remainder when a(-10) is divided by 29.
14
Let k(u) = -5*u + 14. Let z be k(10). What is the remainder when (63/z)/((-1)/8) is divided by 8?
6
Let d = -1659 + 1691. What is the remainder when 95 is divided by d?
31
Let p be 84/18*(2 - -1). Let d = 2 + p. Suppose 2*s - d - 14 = 0. What is the remainder when 59 is divided by s?
14
Suppose 0 = -4*m + 256 + 104. Suppose 6*a - 4*a - m = 0. Suppose -2*y + z = -2*z - a, -25 = -y - z. Calculate the remainder when 45 is divided by y.
21
Let v(m) = 2*m**2 - 2 + 0 + 346*m - 344*m - 3. What is the remainder when 0 + (-4 - -2) + 76 is divided by v(3)?
17
What is the remainder when (5*61)/((85/17)/5) is divided by 51?
50
Let v(u) = u**2 + 6*u + 5. Let c(b) = b**2 - b + 3. Let x(l) = l. Let w be x(-6). Calculate the remainder when c(w) is divided by v(-7).
9
Suppose -3*z = 391 - 1330. What is the remainder when z is divided by 76?
9
Let b = -135 - -198. Suppose -4*k + 73 + b = 0. Suppose 7*v - 45 = 2*v. Calculate the remainder when k is divided by v.
7
What is the remainder when (-2)/(8/318)*-2 is divided by (5/(-5))/(-1 - 372/(-384))?
31
Suppose -13*p - 750 = -15*p. Calculate the remainder when p is divided by 54.
51
Calculate the remainder when 176 is divided by -2 + -7 + 20 + 56.
42
Let r(c) = 2*c + 164. Calculate the remainder when r(18) is divided by 51.
47
What is the remainder when (-462)/(-2) - ((-264)/(-11))/(-6) is divided by 41?
30
Let j(l) be the second derivative of l**4/12 - l**2 + l. What is the remainder when 66 is divided by j(-5)?
20
Let t = 1 + 4. Let o = 47 - 30. Suppose 3*u - 2*h = 37, -6*h + 2*h + o = u. Calculate the remainder when u is divided by t.
3
Suppose 66*j - 884 = 238. Let c be -5*(12/(-5) + 2). Let w(v) = 5*v - 3. Calculate the remainder when j is divided by w(c).
3
Let p = 141 - 143. What is the remainder when 98 is divided by p - (1 + (-72)/6)?
8
Let q be 1/12*57 + (-1)/(-4). Suppose 568 = q*o - 127. What is the remainder when o is divided by 35?
34
Let b = -49 + 57. Suppose b*q - 68 = 4*q. What is the remainder when q is divided by 11?
6
Suppose 0 = 5*o - 5*d + 10, -7 = -4*o + 5*o - 2*d. Suppose -6 = -o*s + s, -5*j - 4*s + 237 = 0. Let g = j - -1. What is the remainder when g is divided by 12?
10
Let m = -11 + 17. Let w be (-170)/(-2) - (7 - 9). Suppose 4*n - 59 = -3*p, 3*p + p - w = 3*n. Calculate the remainder when p is divided by m.
3
Suppose 0 = -5*q + 5*y + 55, 1 = 3*y - 5. Suppose 5*p - q = 157. Suppose 3*v = 4*x - p, 3*x + x - 30 = v. What is the remainder when 26 is divided by x?
5
Suppose 9*m = 4*m + 45. Suppose s = -2*i + 1 - 4, 5 = -5*i - 2*s. Calculate the remainder when i/(-2)*(-170)/5 is divided by m.
8
Suppose 0 = -22*s + 480 + 290. Calculate the remainder when s is divided by 11.
2
Let r(l) = -l**2 - 40*l - 180. Calculate the remainder when r(-33) is divided by 42.
9
Let d(f) = -22*f - 941. Calculate the remainder when d(-49) is divided by 11.
5
Calculate the remainder when (-4892)/(-34) - 120/(-1020) is divided by 30.
24
What is the remainder when 2808/40 + 12/15 is divided by -1*(2 - 12 - 2)?
11
Let t(o) = 29*o**2 - o - 1. Calculate the remainder when t(-1) is divided by 10.
9
Let i(z) = z**3 - 7*z**2 - 6*z - 15. Let n = -4 - -12. Calculate the remainder when 2 is divided by i(n).
0
Let m(p) = -3*p - 17. Let q be m(-13). Let s = 25 - q. Calculate the remainder when 22 is divided by s.
1
Let y = 26 - 26. Suppose j + a - 10 - 30 = y, 0 = j - 2*a - 49. What is the remainder when j is divided by 5?
3
What is the remainder when 70 + (9 + -8)*-1 is divided by 35?
34
Suppose 76 - 16 = -5*d. Suppose k = -3*a + 35, -2*a + 42 = -0*a - 4*k. Let h = a + d. Calculate the remainder when 3 is divided by h.
0
Suppose 0 = 9*r - 55 